at are the prime factors of o?
2, 5, 11
Suppose -55 = q + 5*k, -4*q = -2*q - 4*k + 54. Let v = q - -82. What are the prime factors of v?
47
Let k = -40 + -71. Let f = k + 232. What are the prime factors of f?
11
Suppose 2*x = -p, 4*p + x + 7 = 21. Let j(s) = -2*s + 30. Let b be j(13). Suppose -b*k - p = -116. List the prime factors of k.
2, 7
Let n = 114 + -108. Suppose -1666 = -t - n*t. List the prime factors of t.
2, 7, 17
Suppose -2*u + 54 = -4*y, y + 17 = -0*y + 4*u. Let h = 16 + y. Suppose h*w + 23 = k, -3*k + 0*w + 2*w = -48. List the prime factors of k.
2, 7
Let q = -55 - -198. What are the prime factors of q?
11, 13
Let w = 4014 + -2851. What are the prime factors of w?
1163
Let t(a) = -a - 3. Let m(b) = -b + 17. Let j be m(0). Suppose 4*o + 23 = -5*d, o = -2*o - 4*d - j. What are the prime factors of t(o)?
2
What are the prime factors of 2796 + -7 + 90/6 + -2?
2, 3, 467
Let q(v) = -2*v + 7. Let n be q(0). Let x = -14 + n. What are the prime factors of (-34)/(-3) - x/(-21)?
11
Let i(z) = -5*z**3 + 3*z**2 - 5*z. Let m be i(-4). Let h = -140 + m. List the prime factors of h.
2, 31
Let o(x) = 2*x + 25. Let u be o(-10). Suppose -3*m = f - 401, -u*m = 8*f - 3*f - 655. List the prime factors of m.
3, 5
Let x(p) = p + 3. Let h(v) = v**3 - v**2 + v + 2. Let k be h(2). Let r be (1*8)/(-7 + k). List the prime factors of x(r).
11
Let u = 308 - -1096. Suppose -b - u = -13*b. List the prime factors of b.
3, 13
Let g(n) = 158*n + 463. List the prime factors of g(25).
3, 1471
Let j = -88 - -200. Let k = 127 - j. What are the prime factors of k?
3, 5
Let a(o) = -17*o + 71. List the prime factors of a(-26).
3, 19
Suppose 85*l - 94944 = -11*l. What are the prime factors of l?
23, 43
Suppose 989 = 3*a - 2887. What are the prime factors of a?
2, 17, 19
Suppose -3*y + 3 = -5*z - 0*y, -5*z - 4 = -4*y. Suppose -170 = -z*a - 5*a. Let v = a + -9. List the prime factors of v.
5
Let d = -304 - -458. What are the prime factors of d?
2, 7, 11
Suppose 0 = -f - f - 36. Let i = f - -59. List the prime factors of i.
41
Let j(v) = -v**2 + 10*v - 10. Let k be ((-48)/(-20))/(3/10). List the prime factors of j(k).
2, 3
Let i = 4 - 4. Let f be (-160)/(-48) - 8/6. Suppose f*q + j - 52 + 2 = 0, i = 5*q - 3*j - 147. What are the prime factors of q?
3
Let k be 43/7 - (-9)/(-63). What are the prime factors of 2/((-4)/k) - -66?
3, 7
Let y be 1/1 - (-6 + 7). Let x(n) = n**3 + n**2 - 2*n + 12. What are the prime factors of x(y)?
2, 3
Let g(j) = -655*j + 21. List the prime factors of g(-5).
2, 103
Suppose 0 = 16*v - 6232 - 22584. What are the prime factors of v?
1801
Let w(z) = -8*z + 7. Let h be w(-6). Let s be (-1323)/42*24/(-7). Let a = s - h. List the prime factors of a.
53
Suppose -5*h - 18 + 3 = 0, -2*p = 5*h - 8695. What are the prime factors of p?
5, 13, 67
Suppose 40092 = 15*p - 14778. What are the prime factors of p?
2, 31, 59
Suppose 5*p + 2*a = 2450, 2*a = -p - p + 974. List the prime factors of p.
2, 3, 41
Let i(h) = 4*h**2 - 13*h - 233. What are the prime factors of i(24)?
1759
Let q(m) be the first derivative of 5*m**2 + 4 - 3*m**2 - 4*m - 10*m. List the prime factors of q(10).
2, 13
Suppose -7*s - 174 = 141. Let u be ((-4)/8)/((-1)/(-46)). Let b = u - s. What are the prime factors of b?
2, 11
Let w be (-1)/(-4) + 5195/20. Suppose -5*r - 3*h + w = -h, -4*h - 74 = -r. List the prime factors of r.
2, 3
Let m be (-15)/6 + 75/10. What are the prime factors of 4/(m/1275*5)?
2, 3, 17
Suppose -f - 4*t - 83 = -7*t, 0 = f - 4*t + 83. Let u = f - -124. What are the prime factors of u?
41
Let q(k) = 3*k**2 + 9*k - 12. Let o be q(-10). Suppose 0 = -2*f + o + 98. Suppose -3*v + f = 2*m, 5*m + v + v - 359 = 0. What are the prime factors of m?
71
Let a be 7/5 + -1 + 24/15. Let p = -13 + 21. Suppose 54 = 4*f - 5*x, a*f - 4*x - p = 22. List the prime factors of f.
11
Suppose 4*b = 4*i + 2396, -3*b = 3*i + 2*i - 1765. List the prime factors of b.
5, 7, 17
Let h be (1 + -16)*6/18. Let y(t) = -5*t**3 + 11*t**2 + 2*t - 7. Let s(l) = l**3 - l**2 - l. Let k(i) = 6*s(i) + y(i). List the prime factors of k(h).
13
Let n = -2 - -4. Suppose 11*s - 5 = 10*s. Let r = n + s. List the prime factors of r.
7
Suppose 20*y - 16*y = -8. Suppose -4*a = -3*a + 33. Let c = y - a. List the prime factors of c.
31
Let g = 46 + 2. List the prime factors of (-16)/g + 1322/6.
2, 5, 11
Let a = -38 - -38. List the prime factors of (75 - -2) + 3 + a.
2, 5
Suppose 0 = h - 3*w - 4, h = -2*w + 2 - 18. Let u(a) = -43*a - 28. List the prime factors of u(h).
2, 79
Let k(f) = 23*f**2 + 62 - 40*f**2 + 15*f**2. What are the prime factors of k(0)?
2, 31
Let x = 395 - -5234. What are the prime factors of x?
13, 433
Let k(m) = m**3 + 5*m**2 + 5*m - 5. Let d(o) = -o**2 + o + 1. Let s(a) = -3*d(a) + k(a). What are the prime factors of s(-4)?
2, 3
Let t be ((-2)/(-4))/(1/10 - 0). Suppose 4*l - 401 = -t*a, 0*l - l - a = -100. List the prime factors of l.
3, 11
Suppose -2*j = -10 - 0. Suppose 5*w - u = -j, 0 = 5*w - u - 2*u + 15. Suppose w = 3*c - c - 22. What are the prime factors of c?
11
Let f(g) = g**3 - 10*g**2 - 8*g - 10. Let v be f(11). Let h = 38 + v. List the prime factors of h.
61
Let k(h) = h**2 - 5*h + 8. Let r(t) = -t**2 - 6*t - 5. Let p be r(-5). Let d be -15 + 13 + (7 - p). List the prime factors of k(d).
2
Let b(d) = d**2 - 5*d - 8. Let j be b(6). Let g(o) = -o**2 + o. Let h be g(j). Let l(i) = i**3 + 6*i**2 - i + 7. What are the prime factors of l(h)?
13
Suppose -z - 2*l + 10 = 0, -5*z = -z + 3*l - 40. What are the prime factors of (-25)/2*(-168)/z?
2, 3, 5, 7
Suppose 21*h - 27*h = -24. Suppose 464 = 3*p + h*y, -4*p + 656 = -5*y + y. List the prime factors of p.
2, 5
Suppose -23*x + 102018 = 26*x. List the prime factors of x.
2, 3, 347
Let g(c) = 17*c - 10. Suppose 2*u - 4*u + 4*d + 18 = 0, 3*d - 19 = -5*u. List the prime factors of g(u).
3, 5
Let g(o) = 6*o - 11. Let v(x) = -x**2 - 12*x + 23. Let c(d) = -7*g(d) - 4*v(d). What are the prime factors of c(4)?
73
Let v(w) = 2*w**2 - 8*w + 7. Let t be v(4). Let u(b) = 20*b - 13. List the prime factors of u(t).
127
Let q(x) = -x**2 - 5 - 4 + 2 - 7*x. Let r be q(-6). Let o(m) = -20*m**3 - m. What are the prime factors of o(r)?
3, 7
Let f(y) = 5*y - 3. Let t be f(-3). Let z = t + 103. Suppose n = -4*n + z. List the prime factors of n.
17
Let x = 6 + -1. Let t(m) = m - 1. Let a(o) = -o**2 + 8. Let p(v) = a(v) + 5*t(v). List the prime factors of p(x).
3
Suppose -2*r - 3598 + 1420 = 0. List the prime factors of (-1)/(-4) + r/(-12) - 0.
7, 13
Let u = 2440 + -767. What are the prime factors of u?
7, 239
Let v be (232/6)/((-20)/(-30)). Suppose 4*t - v = 134. Suppose -3*x + t = x + 4*k, 0 = -2*x - 3*k + 27. List the prime factors of x.
3
Suppose 4031 = 5*z + 956. Suppose 0*i - i + 128 = 4*l, z = 5*i - 5*l. List the prime factors of i.
2, 31
Suppose 8*j = 2*j + 366. Let m = 73 - j. List the prime factors of m.
2, 3
Suppose 0 = 15*f - 4109 - 1246. List the prime factors of f.
3, 7, 17
Let b = 220 - -570. What are the prime factors of b?
2, 5, 79
Let l(r) = -4*r**3 + 7*r**2 - 4*r - 25. What are the prime factors of l(-6)?
5, 223
Let a(v) = -v + 17. Let n be a(14). Suppose n*l - d - 118 = 0, l - 3*d - 120 = -2*l. List the prime factors of l.
3, 13
Suppose -4*b + 30 = -34. Let s(k) = 13*k - 40. List the prime factors of s(b).
2, 3, 7
Let t(w) = -833*w**3 + 2*w**2 + 4*w. List the prime factors of t(-1).
3, 277
Let w(z) = -15*z**2 - 15*z + 14. Let p(i) = 8*i**2 + 8*i - 7. Let m be (-265)/45 - 2/18. Let g(u) = m*w(u) - 11*p(u). What are the prime factors of g(-5)?
3, 11
Let l(h) = h**3 + 34*h**2 + 8*h - 83. What are the prime factors of l(-32)?
1709
Let u be (-9)/(81/(-6)) + (-6)/9. Suppose u = 10*o - 5*o - 30. What are the prime factors of o?
2, 3
Suppose 0 = 7*r - 3*r. Let h be (1/(-2) - r)*6. List the prime factors of (-2 - 1 - h) + 15.
3, 5
Suppose 1772 = 8*d - 3460. What are the prime factors of d?
2, 3, 109
List the prime factors of -1 + -2 + (-25935)/(-39).
2, 331
Suppose -17*z = -13*z - 28. Suppose z*m - 5*m - 12 = 0. Let n(k) = 12*k - 14. List the prime factors of n(m).
2, 29
Let m(i) = -6 - 5*i + 25*i**3 - 6 - 26*i**3 + 9*i**2. What are the prime factors of m(6)?
2, 3, 11
Let v = 179 + -86. Suppose -q = y + 3*q - v, -3*y + 279 = 3*q. What are the prime factors of y?
3, 31